 95748086923 composite?
True
Is 10051332413 prime?
False
Is 3116068537 composite?
False
Is 7651397 a composite number?
True
Is 332581201 prime?
False
Is 179248992449 composite?
False
Is 1143291781 prime?
False
Is 751026011 a composite number?
True
Is 14058157042 prime?
False
Is 4162938443 composite?
False
Is 8131161067 composite?
True
Is 127055941361 a composite number?
False
Is 16541957417 a prime number?
True
Is 1137668443 a prime number?
False
Is 947318683 prime?
False
Is 1542661271 a composite number?
False
Is 110386496915 a composite number?
True
Is 22256879 a prime number?
True
Is 3946533539 composite?
True
Is 2496505579 a prime number?
False
Is 21161607 a composite number?
True
Is 503409757 prime?
True
Is 679032626 a prime number?
False
Is 2787947861 a prime number?
False
Is 10455468151 composite?
False
Is 3792793493 a prime number?
False
Is 5986249342 composite?
True
Is 4419429059 prime?
True
Is 12223412683 prime?
False
Is 3818217217 a prime number?
True
Is 4021700197 a prime number?
True
Is 17934731317 a prime number?
False
Is 15890016391 composite?
False
Is 65463481313 a prime number?
True
Is 579802627 composite?
False
Is 9324262327 a prime number?
True
Is 58527634183 prime?
False
Is 406871051 a prime number?
False
Is 6909709969 a prime number?
False
Is 221271549667 a prime number?
False
Is 3618489131 a prime number?
True
Is 159620358081 a composite number?
True
Is 998372989 a prime number?
True
Is 366440839 composite?
True
Is 175480248539 a composite number?
False
Is 47803645679 composite?
False
Is 3496980871 prime?
True
Is 1200395227 a composite number?
False
Is 461807257 prime?
False
Is 16799714927 a composite number?
False
Is 1366328389 composite?
False
Is 13844642413 a composite number?
True
Is 36217484431 a prime number?
False
Is 293664191 a composite number?
False
Is 28196776319 a prime number?
False
Is 21074151001 composite?
True
Is 1888821443 prime?
True
Is 1225983761 a prime number?
True
Is 1403130149 a composite number?
False
Is 252721411 composite?
True
Is 40008219065 prime?
False
Is 114795473467 composite?
True
Is 57494069 composite?
False
Is 10757320429 prime?
False
Is 1321691885 a composite number?
True
Is 69935041601 a prime number?
True
Is 10830001859 a composite number?
False
Is 2319421493 a composite number?
False
Is 3017656121 a prime number?
True
Is 1975700641 prime?
True
Is 13310716927 composite?
True
Is 5615431097 a composite number?
False
Is 117618901 prime?
True
Is 12066114451 composite?
False
Is 7682037109 prime?
True
Is 157913588681 prime?
True
Is 148269985547 prime?
True
Is 46465917257 prime?
False
Is 23858219377 a composite number?
True
Is 12845229881 prime?
False
Is 937381483 a prime number?
False
Is 3859913177 prime?
True
Is 217908617 composite?
False
Is 5629422307 a prime number?
True
Is 177329301 prime?
False
Is 13074639047 a prime number?
True
Is 22519269547 prime?
False
Is 6876281903 a composite number?
False
Is 182121103 a composite number?
True
Is 42713910479 a prime number?
True
Is 441756274 prime?
False
Is 7033751863 a composite number?
False
Is 250900661 composite?
True
Is 3330839621 a prime number?
True
Is 596057639 a prime number?
True
Is 572267827 prime?
True
Is 23058984151 composite?
True
Is 572819369 composite?
True
Is 24545879257 composite?
False
Is 9130503145 a prime number?
False
Is 147980621 a composite number?
True
Is 340636963 prime?
True
Is 13008446965 prime?
False
Is 75038144957 composite?
False
Is 147883612417 composite?
True
Is 2012429323 a composite number?
True
Is 2072141297 a composite number?
False
Is 16284700941 prime?
False
Is 117488129 prime?
False
Is 96969472853 composite?
True
Is 7847619499 a composite number?
False
Is 832409387 composite?
True
Is 3225657623 prime?
False
Is 172636193 composite?
True
Is 32667704141 a prime number?
True
Is 67623241 composite?
True
Is 2947678801 prime?
False
Is 5552075611 prime?
False
Is 15783179413 composite?
False
Is 4076300597 prime?
True
Is 758465857 a prime number?
False
Is 47070346207 a prime number?
True
Is 5863566353 composite?
False
Is 524406637 a prime number?
False
Is 80307377 a prime number?
True
Is 247784783 a composite number?
False
Is 18238669369 a composite number?
True
Is 359520493 a composite number?
False
Is 2026716547 a prime number?
True
Is 13470577583 a composite number?
False
Is 12638397605 prime?
False
Is 929056279 composite?
True
Is 3405681841 composite?
True
Is 42735024589 a composite number?
False
Is 2721930261 a composite number?
True
Is 58840426751 a composite number?
True
Is 37807220882 composite?
True
Is 866887291 composite?
False
Is 6472030573 prime?
True
Is 9860517127 a prime number?
True
Is 801064499 a composite number?
False
Is 4715136913 a composite number?
True
Is 123998299 a prime number?
False
Is 2288701577 a prime number?
True
Is 1533888701 composite?
False
Is 1823326903 a prime number?
True
Is 337232813 a composite number?
True
Is 1859587459 composite?
True
Is 8025795091 a prime number?
True
Is 649896683 prime?
False
Is 2850838301 composite?
True
Is 469423539087 prime?
False
Is 14174333489 composite?
True
Is 147853939 composite?
True
Is 1097079447 prime?
False
Is 18503507087 composite?
True
Is 639592987 composite?
True
Is 33117243 a composite number?
True
Is 1853638838 composite?
True
Is 10555074631 a prime number?
False
Is 2922747587 a composite number?
True
Is 358226420189 a composite number?
True
Is 125315731 a prime number?
False
Is 16293502 a prime number?
False
Is 1086584657 a composite number?
False
Is 15972427829 composite?
False
Is 58045419791 prime?
True
Is 5374601449 prime?
False
Is 5929065271 prime?
True
Is 41936430743 prime?
True
Is 171594571223 prime?
True
Is 23661990427 composite?
True
Is 965515541 a prime number?
False
Is 15006620387 prime?
False
Is 577518197 a composite number?
False
Is 26013495367 composite?
False
Is 4298883583 a composite number?
True
Is 39232951 composite?
False
Is 33665662181 a composite number?
False
Is 3570310759 a prime number?
True
Is 21676396697 a prime number?
False
Is 19285876541 a prime number?
True
Is 2840667433 prime?
True
Is 1011558851 a prime number?
True
Is 18404915099 a prime number?
True
Is 74542543577 a composite number?
True
Is 19124587723 composite?
False
Is 138350621 composite?
False
Is 2324497237 prime?
True
Is 7581210827 composite?
True
Is 1014229897 a prime number?
True
Is 1878428821 prime?
False
Is 62989598953 composite?
False
Is 1623018409 a composite number?
True
Is 23551222363 a composite number?
False
Is 767664775595 composite?
True
Is 17994934541 a composite number?
False
Is 2611956769 a prime number?
True
Is 732785723 prime?
False
Is 588187823 a prime number?
False
Is 52318158041 a prime number?
False
Is 95194432157 prime?
False
Is 29449878023 composite?
True
Is 160575583219 composite?
True
Is 4737887529 composite?
True
Is 5565327343 a prime number?
False
Is 43118247547 a prime number?
True
Is 14744852783 a prime number?
True
Is 14896486999 prime?
True
Is 39464174209 prime?
True
Is 5765243083 composite?
False
Is 692296487 prime?
False
Is 1197500003 a composite number?
True
Is 27350389309 prime?
False
Is 133913257 composite?
True
Is 47908284799 a prime number?
True
Is 18160055659 composite?
False
Is 24828985787 a composite number?
False
Is 833717333 composite?
True
Is 27151539977 a prime number?
True
Is 7612638521 composite?
True
Is 21252484543 prime?
False
Is 887967149 a composite number?
False
Is 2853942073 a prime number?
False
Is 19185064133 prime?
False
Is 5006568211 composite?
False
Is 60213847373 composite?
False
Is 8925061267 a prime number?
True
Is 22851459907 prime?
True
Is 30928689547 composite?
True
Is 262558619 a prime number?
True
Is 36110065571 composite?
True
Is 2019396979 composite?
False
Is 19066469479 a prime number?
False
Is 375810359 a prime number?
True
Is 110679692021 a composite number?
False
Is 20206542901 a composite number?
False
Is 37321097 prime?
False
Is 13223269951 composite?
False
Is 6898209823 a prime number?
False
Is 1043970803 a composite number?
False
Is 2811844157 a prime number?
True
Is 10168802947 a composite number?
False
Is 1037602499 a composite number?
True
Is 5425092311 prime?
False
Is 42973226873 composite?
True
Is 6482961587 prime?
True
Is 4834121749 prime?
False
Is 1538260609 a prime 